 i(-6). Suppose -r*s = -1 - 15. Suppose -1 = -3*k + s*k. Determine v(k).
-4
Let g(m) = -1 - 274*m**2 - 273*m**2 + 546*m**2 + 3*m. Calculate g(4).
-5
Let s(h) = -h - 18. Let b(a) = 2*a + 53. Let l(x) = 2*b(x) + 7*s(x). Let y be l(-9). Let i(q) = -y - 33*q**2 + 14*q**2 + 4*q + 20*q**2. What is i(-6)?
5
Let f(k) = k**2 + 2*k - 196 + 7*k**3 + 197 + k**3. What is f(-1)?
-8
Let d(s) = -42*s**2 - 4*s + 75*s**2 + 4 - 38*s**2 - s**3 + 0*s. Suppose -8 = 2*w + 3*j, 0*w + 5*w = j + 14. Suppose 5*f = w*f - 12. Give d(f).
4
Let d(k) = 2*k - 2. Suppose -f = 2*f + 6. Let h(m) = m - 3. Let s = -54 - -57. Let v(u) = f*d(u) + s*h(u). Give v(0).
-5
Let o(s) = -9*s - 371. Let h be o(-41). Let c(n) = 3*n**2 + n - 1. Let m(u) = 4*u**2 - 2*u + 1 + 0*u**2 - 2 + 4*u. Let r(p) = -5*c(p) + 4*m(p). Determine r(h).
-1
Let p(g) = 9*g - 3. Let k be p(1). Let i be k/(-5) + 8/40. Let j(c) = 3*c**3 + 2*c**2 + c. Determine j(i).
-2
Suppose 4*j = 8*j + 160. Let i be 136/j - (-6)/(-10). Let a(y) = y**3 + 4*y**2 - 2. Calculate a(i).
-2
Let f(r) = -r**2 - r + 3. Suppose -9*s - 81 = 18*s. Determine f(s).
-3
Let x(o) = o**3 - 4*o**2 - 3. Let v(d) = 10*d - 65 - 60 + 118 + d**2. Let r be v(-11). Determine x(r).
-3
Let u(m) = m**3 - m**2 + 2. Let s(b) = 3*b**3 - 12*b**2 + 9*b + 5. Let w(i) = s(i) - 2*u(i). What is w(9)?
1
Let j(o) = 6 - 55*o - 54*o - 57*o + 170*o. Determine j(-7).
-22
Let p(u) = 3*u + u**2 + u**3 + 3 - 1 + 5 + 5*u. Let n(t) = -t - 1. Let g(x) = -5*n(x) - p(x). Suppose -3*q = -15, 3*q - q = m + 12. Determine g(m).
8
Let i(q) = q**2 + 22*q - 14. Let x be i(-23). Suppose m - z + 6 = 0, 5*m + x*z = 5*z - 30. Let k(b) = -b**2 + b + 2 - 1 - 7*b. Determine k(m).
1
Let h(k) = -2*k + 12 - 21 - 3 - 17. Determine h(-10).
-9
Let l(a) = a**3 + 6*a**2 + 4*a - 1. Let y(g) = g**2 - 13*g - 28. Let i be y(15). Let k be ((-8)/(-8))/(i/(-10)). Determine l(k).
4
Let v(d) = -d**2 - d + 2. Let q be v(2). Let i be q*(-21)/14*(-2)/(-6). Let a(f) = 2*f**3 - 2*f**2 + 2*f - 3. Give a(i).
9
Let z be 3*(-3 + 16/6). Let s = 1 - z. Let b(w) = 1 + 7*w - 4 - s*w - w**2. Calculate b(2).
3
Let t(m) = -1 - m**3 - 11349*m**2 + 23 + 11334*m**2 + 2*m. Determine t(-15).
-8
Let k(l) = -4*l - 11. Let w(g) = g**3 - 10*g**2 - 2*g + 24. Let q be w(10). What is k(q)?
-27
Suppose 17 = -p + 3*d, -4*d + 3*d - 5 = 5*p. Let v = -1 - p. Let c(h) = -h**3 + h**2 - h + 1. Calculate c(v).
0
Let v be (1/2)/(1/(-2)). Let j(k) be the third derivative of -k**6/120 - k**5/60 - k**4/12 - k**3/6 + 2275*k**2. Determine j(v).
1
Let t be (56/70)/((-2)/(-10)). Suppose -t*m + 34 = -10. Let v(r) = -m*r + 2 + 9*r + 7. Give v(8).
-7
Suppose 0 = -5*v + 49 - 4. Let o(a) = a**2 - 11*a + 8. Give o(v).
-10
Let h(o) = -4*o + 23. Let j be h(7). Let r(m) = -m**3 - 3*m**2 + 13*m + 9. Determine r(j).
-6
Let w = 43 - 39. Suppose -6*k = -10*k + w. Let n(h) be the third derivative of -7*h**6/120 + h**4/24 - h**3/6 - 3*h**2. What is n(k)?
-7
Let m be (128/8 + -6)/(-2). Let k(v) = -2*v - 2. Let x(g) = -5*g - 3. Let d(f) = 5*k(f) - 3*x(f). What is d(m)?
-26
Let x(g) = g**2 - 3. Suppose -v + 2*k + 11 = -10, 6 = 2*k. Suppose -l + 5*w + 18 = 0, 5*l - 5*w - v = l. Give x(l).
6
Let j = 583 + -585. Let f(s) = 2*s**2 + 2*s + 3. Calculate f(j).
7
Let v = 134 + -114. Suppose -11*m + 16*m = -v. Let b(k) = -k**2 - 3*k + 5. Calculate b(m).
1
Let g(a) = a**3 - 12*a**2 - 13*a + 4. Suppose -4*m + 5*m + 2 = 5*j, -2*m + 4*j = -14. Calculate g(m).
4
Let o(b) = -b**3 - 15*b**2 + 2*b + 30. Let g be -53 + 59 - 42/2. Determine o(g).
0
Let a(m) = 2*m**2 - 1. Let p = -24 + 44. Suppose -6*j + p = -8*j. Let d = j + 9. What is a(d)?
1
Let o(r) be the third derivative of 0*r**3 - 1/60*r**5 - 16*r**2 + 0*r + 0 - 1/12*r**4. Determine o(-2).
0
Let t(w) = -w + 1. Let b be (-9)/(-3) - 9/(3 - 6). Calculate t(b).
-5
Let s = 0 - -1. Let l(b) = b**2 + 11*b + s - 3*b + 0. Give l(-5).
-14
Let r(h) = -h**2 + 6*h + 13. Let v(m) = -m**2 - 10*m - 17. Let l be v(-4). What is r(l)?
6
Let o(v) = -2*v. Let g(d) = -d - 3. Let m be g(-5). Suppose y - 64 = 4*k, 3*k - 57 = m*y - 3*y. Let s be (-4)/(-30) + (-68)/y. What is o(s)?
2
Let t(d) = -5*d**2 - 2*d + 6. Let y(x) = x**2 - x + 1. Let i(w) = t(w) + 4*y(w). Let c be 12/8 - (-54)/4. Suppose 2*a + 1 = -c. What is i(a)?
-6
Let h be (-16)/12*9/(-6). Let z(l) = 0*l**h - 2 - 2*l**2 + 3*l**2 - 7*l + l**3 + 5*l**2. What is z(-7)?
-2
Let t(w) be the first derivative of -4*w**2 - 57*w + 92. What is t(-7)?
-1
Let j = 193 + -302. Let w = j + 102. Let t(q) = -2*q - 5. Determine t(w).
9
Let d(o) = -o + 2. Let z be d(4). Let h be 2*9/(-12)*z. Let c(g) be the second derivative of -g**3/3 - g**2/2 - 43*g. Calculate c(h).
-7
Let z(s) = -s**3 + 7*s**2 + 7*s + 4. Let c = 0 + -11. Let m = -3 - c. Let r be z(m). Let i(b) = -b**2 - 4*b - 5. Calculate i(r).
-5
Let i(o) = -2*o**2 + 9*o - 1. Let q(g) = -g**2 + 7*g - 5. Let u be q(4). Determine i(u).
-36
Let k(z) be the first derivative of -5/24*z**4 - 5 + 1/60*z**5 + 0*z + 1/6*z**3 - 7/2*z**2. Let x(n) be the second derivative of k(n). What is x(6)?
7
Suppose -7*r + 2*r = -3*x + 12, -4*r - 2*x + 8 = 0. Suppose m + r = 2. Let t(j) = -3*j**2 - 2*j + 3. Give t(m).
-13
Let b(p) be the third derivative of -p**4/12 + p**3/2 - 2*p**2. Suppose 4*w - 8 = 0, g + 13 = -4*g - w. Determine b(g).
9
Let i = 3 - 4. Let j(n) = n**2 + n - 1. Suppose 0 = -4*f + 15 - 3. Let x(t) = 15*t**2 + 3*t - 4. Let l(m) = f*j(m) + i*x(m). What is l(-1)?
-11
Let q = 477 - 473. Let z(j) = -2*j - 2. Determine z(q).
-10
Let n(r) = 9*r - 2. Let g(m) = -17*m + 4. Let u = -12 - -17. Suppose 2*p + 7 = -u. Let a(t) = p*g(t) - 11*n(t). What is a(-3)?
-11
Let o(b) = 0*b**2 - 3*b**2 + 6*b**2. Suppose -2*n - 52 = 11*n. Let g be n/1 + -1 + 7 + -4. Give o(g).
12
Let j(m) = 17 + 19 + 0*m + 9 + 2*m - 14. Determine j(-12).
7
Let d be 0 - ((-171)/18 + 9). Let l(m) be the first derivative of 4 - 12*m + d*m**2. Give l(0).
-12
Let u(v) = 2*v**2 + 10*v + 2. Let y be 144/(-27) - (3 + 40/(-12)). What is u(y)?
2
Let b(a) = 3*a**2 - 4*a - 7. Let c(n) = -11*n**2 + 12*n + 20. Let z(w) = -7*b(w) - 2*c(w). What is z(-6)?
21
Let s(n) = -4*n - 1. Let l be s(1). Let q(o) = 5*o**3 + 25*o**2 - 33*o + 6. Let j(a) = -a**3 - 5*a**2 + 7*a - 1. Let c(u) = -14*j(u) - 3*q(u). Give c(l).
-9
Let n be (-4)/(-8 + 10 - 16/6). Let u = -3 + 4. Let v(c) = c. Let d(w) = w**2 - 6*w + 1. Let b(x) = n*v(x) + u*d(x). Determine b(-2).
5
Let p(a) be the first derivative of -a**6/120 - a**5/60 + a**4/8 + a**3/3 + 18*a**2 + 18. Let l(u) be the second derivative of p(u). What is l(-3)?
11
Let r = 14 - 20. Let g = 9 + -1. Let v(n) = -g + 14 + 5 + n. What is v(r)?
5
Let q(d) = d + 8 - 57 + 13 + 18. Let v = 1 + -1. What is q(v)?
-18
Suppose 0 = 4*u - 5*u - 3*u. Let j(d) be the third derivative of 3*d**2 + 0*d + 0*d**3 + u + 5/24*d**4. Determine j(-1).
-5
Let t = -162 - -166. Let u(p) = p - 5. Give u(t).
-1
Let k be 3/9 + 6/(-18). Let c(h) = -h - 5. Determine c(k).
-5
Let r(z) = -3*z**2 - 8 + 4*z**2 + z - 12 + 14. Suppose 0*w = 2*w. Determine r(w).
-6
Let p(y) = -3 + 1584*y + 1 - 1583*y + 0. What is p(-7)?
-9
Let w(l) = l**3 - 5*l**2 + 4*l - 2. Let v be w(4). Let f(s) = -2*s - 9. Let n be f(v). Let o(x) be the first derivative of -x**2/2 - 2*x - 1. Calculate o(n).
3
Let b(q) = -q**3 + 5*q - 3. Let o be (12/(-36))/(2/(-18)). What is b(o)?
-15
Let j(v) be the second derivative of 5*v + 5/12*v**4 + 3/2*v**2 - 1/3*v**3 + 0 - 1/20*v**5. Determine j(4).
11
Suppose -9*m + 4*m + 80 = 0. Suppose 3*l = -l + m. Suppose -3*d - l*p + 40 = 2, d = -5*p + 31. Let j(u) = -2*u + 4. Determine j(d).
-8
Suppose 3*o = -2*o. Let z(y) be the third derivative of -1/120*y**6 + 0*y + 1/60*y**5 + 0*y**4 + 0 + 1/3*y**3 - 9*y**2. What is z(o)?
2
Let o(k) be the second derivative of k**6/120 + 2*k**5/15 + 3*k**4/8 + 3*k**3/2 + 3*k**2 + 5*k. Let q(c) be the first derivative of o(c). Give q(-7).
-5
Let m(w) = w**3 + 5*w**2 + 4*w + 6. Let v = -15 + 19. Let c = v - 8. Calculate m(c).
6
Let s(x) = x + 24 - 3*x - 21. Give s(2).
-1
Let n(v) be the third derivative of -v**5/60 + 7*v**4/24 - v**3 - 8*v**2 + 5*v. Give n(2).
4
Let i(c) = -c - 7. Let p be i(-8). Let s(d) = 5*d**2 - p - d + 3*d + 5*d**2. Let u = -183 - -184. Give s(u).
11
Let k = 296 - 291. Let b(a) = -a + 12. Give b(k).
7
Let p(r) = -165*r - 167*r - 163*r + 19 + 496*r. Determine p(-13).
6
Let b(g